4*t**3/3 - 5*t**2/2 + t + 4. Calculate h(5).
1
Let n(u) = -2*u. Let g(w) = -5*w + 1. Let o = -2 - 5. Let a(d) = o*n(d) + 3*g(d). Give a(4).
-1
Let s = -11 - -11. Let v(q) = q**3 - q**2 - q - 2. Determine v(s).
-2
Let v(j) = 8*j - 49. Let n be v(6). Let q(i) = -i**2 - 1. What is q(n)?
-2
Let g(a) = a**3 + a**2 + 2. Let i = 13 - 11. Suppose 3*f = -3*l + 15, -2*f = -i*l - 3*l - 10. Give g(l).
2
Suppose 0 = -2*r + 11 - 1. Let p(f) = -f + 2. Let w(z) = 5*z - 2. Let a(d) = -4*d + 1. Let y(u) = 6*a(u) + 5*w(u). Let g(k) = r*p(k) + 2*y(k). Calculate g(3).
-7
Let w(x) = x**2 + 8*x - 1. Suppose n - 3*n = 2*v + 4, -3*n - 2 = -v. Let m be n - (-4 + 32/4). Give w(m).
-16
Suppose -c = -6*c + 30. Let x(o) = 5*o**2 - c*o**2 - 5 - 3 + 3. What is x(0)?
-5
Let c(k) = k + 9 + 3*k - 8 - k**2 - 3*k. Let h be -1 - 2 - (-4 - -2). Determine c(h).
-1
Let i(x) = -x + 6. Let p(o) = -o + 6. Let h(d) = 4*i(d) - 3*p(d). Suppose w = -4*c + 6, 0*w + 3*w - 18 = -c. Give h(w).
0
Let u(l) = -l**3 + 3*l**2 + 5*l - 2. Suppose -20 = 4*m - 9*m. Determine u(m).
2
Let q(a) be the second derivative of -a**5/20 - a**4/2 - 7*a**3/6 - 5*a**2/2 - 8*a. What is q(-4)?
-9
Let p(m) = m**3 - 6*m**2 + m - 5. Let y be p(6). Let z be (-2 + -4)/(-2) + 1. Let r(q) = -3*q**3 - 2*q**2 - 1 + q + z*q**2 - q**2. Give r(y).
-2
Let i be (3 - 2)*(6 + -3). Let d(a) = -i - 2*a**3 + 3*a + 15*a**2 - 3*a + 3*a - 13*a**2. Calculate d(2).
-5
Let v(t) = -t**3 + 3*t**2 - 3*t + 2. Suppose -q + 8 - 1 = 0. Suppose g + q = i, -17 = -3*i + 2*i + 3*g. Determine v(i).
0
Suppose -6 = 4*b + 2*g - 2, 5*b - g = 2. Let r(k) = 4*k**3 + 4*k**2 + 3*k + 5. Let l(z) = -7*z**3 - 7*z**2 - 5*z - 11. Let c(m) = 3*l(m) + 5*r(m). Give c(b).
-8
Let b(t) be the first derivative of -t**3/3 - 3*t**2/2 - 3*t - 3. Let s be 2*34/(-4)*-1. Suppose -4*l = -1 + s. What is b(l)?
-7
Suppose t + 6 = 3*t. Suppose 3*h = 9 - t. Let q(f) = 0*f - 1 + 3*f - 4*f + 4*f**h. Calculate q(-1).
4
Suppose -5*r + 38 = -62. Suppose -b = 4*b - r. Let y(w) = -w**3 + 3 + 3*w - 1 + 3*w**2 - 1. Give y(b).
-3
Let c(y) = 5*y**2 + 1 + 11 - 4*y**2 - y**3. Determine c(0).
12
Let r(p) be the first derivative of -p**2 + 3*p - 7. What is r(2)?
-1
Let c(k) = -k + 3. Let g be c(0). Let d(w) be the first derivative of -g*w - 1/3*w**3 - 1 - 2*w**2. Give d(-2).
1
Let g(i) = 0*i + i + i**3 - 4 + 5*i**2 + i. Suppose 0 = -0*o + 5*o + 5*x, 0 = 2*o + 4*x - 2. Let z be o + 1 + 2 - 5. What is g(z)?
8
Let s(m) = -m - 1. Let d(p) = -2*p**2 - 3*p - 2. Let a(x) = -d(x) + 2*s(x). Let l = 11 + -11. Suppose 4*h - u + 6 = l, 5*h + 6*u = 2*u + 3. Calculate a(h).
1
Let x(u) = u + 3. Suppose -s - 1 = o, 0*o + 2*o - 3*s - 23 = 0. Suppose 0 = -2*p - 4*t + 4, p = o*p - 5*t - 17. What is x(p)?
7
Let l(w) be the third derivative of -w**5/60 + w**4/24 - 5*w**3/6 - w**2. Let k = -196 - -196. Determine l(k).
-5
Let u(l) = -l**2 + 4*l - 4. Let r be u(2). Let j(y) be the third derivative of 1/60*y**5 + y**2 - 1/6*y**3 + 0*y - 1/12*y**4 + r. Give j(2).
-1
Let y(i) = 4*i - 5 - 8*i**2 - 1 + 3. What is y(2)?
-27
Let n(b) be the third derivative of -b**7/5040 - b**6/720 - b**5/60 + 4*b**2. Let d(x) be the third derivative of n(x). Determine d(-2).
1
Let o(l) = -l - 6. Let k(y) = 7*y**2 - y + 1. Let g be 1/(0 + 0 + 1). Let q be k(g). Let m = -11 + q. Give o(m).
-2
Let m(t) = -t**3 + 4*t**2 - 2*t + 6. Suppose -4*j - j + 20 = 0. Determine m(j).
-2
Let y(z) = 3*z - 12. Let x be y(3). Let m(c) = -3*c - 2. Calculate m(x).
7
Let s(c) be the third derivative of c**4/24 + 11*c**3/6 - 7*c**2. What is s(-5)?
6
Let v be 9/(-15) + (-126)/(-10). Let r be (-10)/(-3)*v/10. Let i(f) = -3*f - 1 + 3 + f. What is i(r)?
-6
Let h(s) = s - 1. Let n(c) = -c + 1. Suppose -2*l + 13 = 5. Suppose l*y = 3*y. Let d be n(y). Give h(d).
0
Let b(j) be the second derivative of 3*j**5/20 - j**4/3 + 3*j**2/2 + j. Let m(d) = 6*d**3 - 9*d**2 + 7. Let x(s) = 9*b(s) - 4*m(s). Give x(-1).
-4
Suppose 1 = 5*o - 4. Let w(r) = 3*r**2 - 4*r**2 + 0 - 3*r - o. Let k be -2 + 0 - (-2 - -2). Give w(k).
1
Let o(x) be the third derivative of 1/120*x**5 + 0 - 1/8*x**4 + x**2 + 0*x - 1/2*x**3. Let h(j) be the first derivative of o(j). Determine h(5).
2
Let x(m) = m**3 + 2*m**2 - 2*m + 2. Suppose -2*j = -2*d + 40, -3*d - j + 40 = j. Let r = d + -11. Suppose -c - 6 = r*t + 4, t - c + 8 = 0. What is x(t)?
-1
Let v(f) = -2070*f**3 - 3*f - 3*f**2 + 2069*f**3 + 6 + 7*f**2. Let n = 10 + -6. Let p = 0 + n. What is v(p)?
-6
Suppose -3*c - j + 21 = -0*c, -5*c + 49 = -3*j. Let p(f) = f**2 - 8*f + 1. Calculate p(c).
1
Suppose 0 = 2*g + 3*g - 10. Let z(w) = 3 + 0*w**2 + 8*w - w**3 - 4*w**g - 4*w. Determine z(-5).
8
Let b be (3/2)/(5/10). Suppose -b*v + 10 = s + 2*v, -4*s - 5*v + 10 = 0. Let a(z) = -z**2 - 8. What is a(s)?
-8
Let a(u) be the second derivative of u**3/6 - 3*u**2/2 + 45*u. Let i be (2/4)/(2/20). What is a(i)?
2
Let y(x) be the second derivative of -1/12*x**4 - 1/2*x**2 + 1/3*x**3 + 0 + 3*x. What is y(1)?
0
Let b(a) = -a**2 + 5*a - 4. Let m(i) = -i + 1. Let l be ((-3)/(-2))/(3/4). Suppose 0 = -3*o + c, 3*c - 5 = 2*o + l. Let p(f) = o*m(f) + b(f). Give p(2).
1
Suppose z = 0, -2*z + 0 + 6 = 3*n. Let t(f) = -6 + f**3 - 3*f**2 + 3*f - 3*f**2 + 5*f**2 - 4*f**n. What is t(5)?
9
Let k(f) = 0 + f - 4*f**2 - 2 - 3 + f**3 + 3*f**2. Let r(g) be the third derivative of g**4/24 - g**3/3 + 2*g**2. Let d be r(2). Calculate k(d).
-5
Suppose -7 = 3*z + 5. Let w(c) = c + 4. Determine w(z).
0
Let m(t) be the first derivative of -t**3/3 - 5*t**2/2 - 6*t + 4. Let l(a) = -a**2 - 3*a. Let d be 8/(-10)*(0 + 5). Let y be l(d). What is m(y)?
-2
Let v(x) = x**3 - 11*x**2 - x + 10. Let i be v(11). Let a = 2 - 1. Let w(n) = 12*n - 3. Let k(r) = -r + 1. Let f(q) = a*w(q) + 4*k(q). Determine f(i).
-7
Let m(n) be the third derivative of -n**6/120 - n**5/12 + n**4/24 - n**3/6 + 7*n**2. Suppose 3*y + 0*y = -15. What is m(y)?
-6
Let w(k) = k**2 - 4*k - 6. Let x be w(7). Suppose -g + x = -6*g. Let q(o) be the third derivative of o**4/6 + 2*o**3/3 - 3*o**2. What is q(g)?
-8
Let h(q) = -q + 6. Let b be h(3). Let d be -2*b/(-6)*-5. Let y(c) be the third derivative of c**5/60 + c**4/4 + c**3/2 + 7*c**2. Give y(d).
-2
Let i(t) = t**2 + 17*t + 34. Let o be i(-15). Let v(u) be the second derivative of u**5/20 - 5*u**4/12 + u**3/2 + 5*u**2/2 + 2*u. Give v(o).
1
Let n(y) = -2 + 8 + 0*y + 3*y - 2*y. Suppose 0 = j - 5, -4*z - 2*j - 37 = -7*j. What is n(z)?
3
Let b(r) = r**3 + 3*r**2 + 2*r - 2. Let d be -3 - (-3 - (-6 + 3)). Give b(d).
-8
Let w(t) = -4*t**3 - 12*t**2 - 5*t - 7. Let q(h) = -3*h**3 - 11*h**2 - 4*h - 6. Let o(x) = 5*q(x) - 4*w(x). What is o(7)?
-2
Suppose 5*x - 3 = 2*x + 2*u, -2*u = 0. Let a(c) = 7*c. Give a(x).
7
Let f(x) = 5*x - 3*x + 3*x. Let m = -8 - -11. Suppose m*p = -4 + 7. What is f(p)?
5
Suppose -2*h + 45 = 2*h + 5*g, -4*h = -g - 15. Let o(s) = s**3 - 6*s**2 + 5*s + 2. Calculate o(h).
2
Let q(i) be the second derivative of 0 - 5*i - 1/2*i**2 - 1/6*i**3 + 1/2*i**4. Calculate q(-1).
6
Let v be (14/24 + 1/(-4))*3. Let y be 3/3*(-1)/(-1). Let f(t) = 7*t**2 - 3*t + 4. Let u(a) = -a**2 + a - 1. Let x(c) = y*f(c) + 5*u(c). Give x(v).
3
Let s(t) = -1. Let w(y) = 2*y + 2. Let u be (-2)/(-2) - (7 - 3). Let r(m) = u*s(m) - w(m). Give r(-3).
7
Let s(k) = 20*k**3 + 15*k**2 + 14*k - 14. Let b(o) = -7*o**3 - 5*o**2 - 5*o + 5. Let l(a) = 17*b(a) + 6*s(a). What is l(-5)?
6
Let k(o) be the second derivative of o**5/20 - o**4/4 - o**3/2 + o**2 + 2*o. Determine k(3).
-7
Let j(l) be the third derivative of l**4/12 - l**3 - l**2. Let r(s) = -s**3 - 10*s**2 - 10*s - 3. Let k be r(-9). What is j(k)?
6
Suppose 16 = -4*f - r, -5*f + 5*r + 1 = -4. Let g(b) = -b**2 - 2*b. Calculate g(f).
-3
Let p(v) = v**3 + v**2 - v + 2. Let w be p(0). Suppose 2 = -w*r + r. Let q(m) = 335 - 334 + 2*m - m. Determine q(r).
-1
Let g(b) = b**2 - b + 1. Suppose 36 = 2*n + 2*n. Suppose 2*x - 3*m + n = -0*x, -2*x - 19 = -5*m. Let d be (-2)/(-3) + x/9. Give g(d).
1
Let d(h) = 4*h - 1 + 2*h**2 - 3*h + 2*h**2. Calculate d(-2).
13
Let o(m) = -m + 7. Let h(g) = -g**2 - 6*g - 2. Let k be h(-4). Let x be -2*k/8*-4. Determine o(x).
1
Let l(j) = -9*j - 1. Suppose -4*b - 8 = -3*o, -4*b - 4 = -2*o - 0. Give l(b).
-10
Let a(z) be the first derivative of 3*z**4/2 + z**2 + z + 1. Suppose 0 = 4*f + 4. Determine a(f).
-7
Let k(z) = -4*z + 60. Let i be k(16)